{"id":1008,"date":"2023-01-12T11:30:42","date_gmt":"2023-01-12T11:30:42","guid":{"rendered":"https:\/\/livinghome.vn\/thiet-bi\/?post_type=product&#038;p=1008"},"modified":"2024-11-29T14:20:48","modified_gmt":"2024-11-29T07:20:48","slug":"may-hut-mui-kaff-kf-pyra750","status":"publish","type":"product","link":"https:\/\/livinghome.vn\/thiet-bi\/may-hut-mui-kaff-kf-pyra750\/","title":{"rendered":"M\u00e1y h\u00fat m\u00f9i Kaff KF-PYRA750 thi\u1ebft k\u1ebf d\u1ea1ng ph\u1ec3u inox cao c\u1ea5p si\u00eau b\u1ec1n"},"content":{"rendered":"<h2>M\u00e1y h\u00fat m\u00f9i Kaff KF-PYRA750 thi\u1ebft k\u1ebf l\u01b0\u1edbi l\u1ecdc nh\u00f4m 05 l\u1edbp kh\u1eed m\u00f9i b\u1eb1ng than ho\u1ea1t t\u00ednh c\u1ef1c t\u1ed1t<\/h2>\n<figure id=\"attachment_54167\" aria-describedby=\"caption-attachment-54167\" style=\"width: 800px\" class=\"wp-caption alignnone\"><img loading=\"lazy\" decoding=\"async\" class=\"size-large wp-image-54167\" src=\"https:\/\/livinghome.vn\/thiet-bi\/wp-content\/uploads\/nha-bep\/kaff\/may-hut-mui\/may-hut-mui-ap-tuong\/may-hut-mui-ap-tuong-kaff-kf-pyra750\/may-hut-mui-ap-tuong-kaff-kf-pyra750-800x800.jpg\" alt=\"M\u00e1y h\u00fat m\u00f9i Kaff KF-PYRA750\" width=\"800\" height=\"800\" title=\"\"><figcaption id=\"caption-attachment-54167\" class=\"wp-caption-text\">M\u00e1y h\u00fat m\u00f9i Kaff KF-PYRA750<\/figcaption><\/figure>\n<h3><a href=\"https:\/\/livinghome.vn\/thiet-bi\/may-hut-mui\/\">M\u00e1y h\u00fat m\u00f9i<\/a> ph\u1ec3u KF-PYRA750<\/h3>\n<p><strong>Th\u00f4ng\u00a0s\u1ed1\u00a0k\u1ef9\u00a0thu\u1eadt:<\/strong><\/p>\n<ul>\n<li>Th\u00e2n b\u1eb1ng inox kh\u00f4ng r\u1ec9<\/li>\n<li>\u0110i\u1ec1u khi\u1ec3n c\u1ea3m \u1ee9ng 3 t\u1ed1c \u0111\u1ed9<\/li>\n<li>L\u01b0\u1edbi l\u1ecdc nh\u00f4m 5 l\u1edbp b\u00ean trong v\u00e0 thang inox b\u00ean ngo\u00e0i + than ho\u1ea1t t\u00ednh<\/li>\n<li>\u0110\u00e8n led 1x2W<\/li>\n<li>Motor 1x230W<\/li>\n<li>C\u00f4ng su\u1ea5t h\u00fat t\u1ed1i \u0111a 1300m3\/h<\/li>\n<li>\u0110\u1ed9 \u1ed3n maximum 68dB<\/li>\n<li>\u1ed0ng tho\u00e1t D150 + 2m \u1ed1ng m\u1ec1m k\u00e8m theo<\/li>\n<li>\u1ed0p \u1ed1ng kh\u00f3i inox 2x209x172x400<\/li>\n<li>K\u00edch th\u01b0\u1edbc: 274x500x745\/895mm<\/li>\n<\/ul>\n","protected":false},"excerpt":{"rendered":"<p>M\u00e1y h\u00fat m\u00f9i Kaff KF-PYRA750 thi\u1ebft k\u1ebf l\u01b0\u1edbi l\u1ecdc nh\u00f4m 05 l\u1edbp kh\u1eed m\u00f9i b\u1eb1ng than ho\u1ea1t t\u00ednh c\u1ef1c t\u1ed1t M\u00e1y h\u00fat m\u00f9i ph\u1ec3u KF-PYRA750 Th\u00f4ng\u00a0s\u1ed1\u00a0k\u1ef9\u00a0thu\u1eadt: Th\u00e2n b\u1eb1ng inox kh\u00f4ng r\u1ec9 \u0110i\u1ec1u khi\u1ec3n c\u1ea3m \u1ee9ng 3 t\u1ed1c \u0111\u1ed9 L\u01b0\u1edbi l\u1ecdc nh\u00f4m 5 l\u1edbp b\u00ean trong v\u00e0 thang inox b\u00ean ngo\u00e0i + than ho\u1ea1t t\u00ednh \u0110\u00e8n [&#8230;]\n","protected":false},"featured_media":1074,"comment_status":"open","ping_status":"closed","template":"","meta":[],"product_brand":[],"product_cat":[600,89,164],"product_tag":[167,86,90,178],"class_list":{"0":"post-1008","1":"product","2":"type-product","3":"status-publish","4":"has-post-thumbnail","6":"product_cat-may-hut-mui-kaff","7":"product_cat-may-hut-mui-gan-tuong","8":"product_cat-thuong-hieu-kaff","9":"product_tag-kaff","10":"product_tag-may-hut-mui","11":"product_tag-may-hut-mui-gan-tuong","12":"product_tag-may-hut-mui-kaff","14":"first","15":"instock","16":"sale","17":"shipping-taxable","18":"purchasable","19":"product-type-simple"},"_links":{"self":[{"href":"https:\/\/livinghome.vn\/thiet-bi\/wp-json\/wp\/v2\/product\/1008","targetHints":{"allow":["GET"]}}],"collection":[{"href":"https:\/\/livinghome.vn\/thiet-bi\/wp-json\/wp\/v2\/product"}],"about":[{"href":"https:\/\/livinghome.vn\/thiet-bi\/wp-json\/wp\/v2\/types\/product"}],"replies":[{"embeddable":true,"href":"https:\/\/livinghome.vn\/thiet-bi\/wp-json\/wp\/v2\/comments?post=1008"}],"wp:featuredmedia":[{"embeddable":true,"href":"https:\/\/livinghome.vn\/thiet-bi\/wp-json\/wp\/v2\/media\/1074"}],"wp:attachment":[{"href":"https:\/\/livinghome.vn\/thiet-bi\/wp-json\/wp\/v2\/media?parent=1008"}],"wp:term":[{"taxonomy":"product_brand","embeddable":true,"href":"https:\/\/livinghome.vn\/thiet-bi\/wp-json\/wp\/v2\/product_brand?post=1008"},{"taxonomy":"product_cat","embeddable":true,"href":"https:\/\/livinghome.vn\/thiet-bi\/wp-json\/wp\/v2\/product_cat?post=1008"},{"taxonomy":"product_tag","embeddable":true,"href":"https:\/\/livinghome.vn\/thiet-bi\/wp-json\/wp\/v2\/product_tag?post=1008"}],"curies":[{"name":"wp","href":"https:\/\/api.w.org\/{rel}","templated":true}]}}