{"id":1005,"date":"2023-01-12T11:30:41","date_gmt":"2023-01-12T11:30:41","guid":{"rendered":"https:\/\/livinghome.vn\/thiet-bi\/?post_type=product&#038;p=1005"},"modified":"2024-11-29T14:20:48","modified_gmt":"2024-11-29T07:20:48","slug":"may-hut-mui-kaff-kf-sl60kb","status":"publish","type":"product","link":"https:\/\/livinghome.vn\/thiet-bi\/may-hut-mui-kaff-kf-sl60kb\/","title":{"rendered":"M\u00e1y h\u00fat m\u00f9i Kaff KF-SL60KB thi\u1ebft k\u1ebf th\u00e2n m\u00e1y b\u1eb1ng s\u01a1n t\u0129nh \u0111i\u1ec7n m\u00e0u \u0111en inox si\u00eau b\u1ec1n"},"content":{"rendered":"<h2>M\u00e1y h\u00fat m\u00f9i Kaff KF-SL60KB c\u1ed5 \u0111i\u1ec3n si\u00eau m\u1ecfng thi\u1ebft k\u1ebf m\u00e0u \u0111en sang tr\u1ecdng cao c\u1ea5p<\/h2>\n<figure id=\"attachment_52901\" aria-describedby=\"caption-attachment-52901\" style=\"width: 800px\" class=\"wp-caption alignnone\"><img loading=\"lazy\" decoding=\"async\" class=\"size-large wp-image-52901\" src=\"https:\/\/livinghome.vn\/thiet-bi\/wp-content\/uploads\/nha-bep\/kaff\/may-hut-mui\/may-hut-mui-am-tu\/may-hut-mui-am-tu-kaff-kf-sl70kb\/may-hut-mui-am-tu-kaff-kf-sl70kb-800x800.jpg\" alt=\"M\u00e1y h\u00fat m\u00f9i Kaff KF-SL60KB\" width=\"800\" height=\"800\" title=\"\"><figcaption id=\"caption-attachment-52901\" class=\"wp-caption-text\">M\u00e1y h\u00fat m\u00f9i Kaff KF-SL60KB<\/figcaption><\/figure>\n<h3><a href=\"https:\/\/livinghome.vn\/thiet-bi\/may-hut-mui\/may-hut-mui-co-dien-classic\/\">M\u00e1y h\u00fat m\u00f9i c\u1ed5 \u0111i\u1ec3n si\u00eau m\u1ecfng<\/a> KF-SL60KB\/SL70KB<\/h3>\n<ul>\n<li>Th\u00e2n m\u00e1y b\u1eb1ng s\u01a1n t\u0129nh \u0111i\u1ec7n m\u00e0u \u0111en ph\u1ed1i inox<\/li>\n<li>H\u1ec7 th\u1ed1ng \u0111i\u1ec1u khi\u1ec3n c\u01a1 3 t\u1ed1c \u0111\u1ed9<\/li>\n<li>\u0110\u1ed9ng c\u01a1 Turbin \u0111\u00f4i 2x80W<\/li>\n<li>B\u00f3ng \u0111\u00e8n LED BAR 15W<\/li>\n<li>C\u00f4ng su\u1ea5t h\u00fat t\u1ed1i \u0111a l\u00ean \u0111\u1ebfn 700m3\/h<\/li>\n<li>B\u1ed9 l\u1ecdc: l\u01b0\u1edbi l\u1ecdc inox 03 l\u1edbp v\u1edbi 02 l\u1edbp l\u1ecdc than ho\u1ea1 t t\u00ednh<\/li>\n<li>\u0110\u1ed9 \u1ed3n t\u1ed1i \u0111a 48 dB<\/li>\n<li>Ngu\u1ed3n \u0111i\u1ec7n: 220V\/50Hz<\/li>\n<li>\u1ed0ng tho\u00e1t \u0111\u01b0\u1eddng k\u00ednh 120mm<\/li>\n<li>K\u00edch th\u01b0\u1edbc (mm): 95x465x600\/700<\/li>\n<\/ul>\n","protected":false},"excerpt":{"rendered":"<p>M\u00e1y h\u00fat m\u00f9i Kaff KF-SL60KB c\u1ed5 \u0111i\u1ec3n si\u00eau m\u1ecfng thi\u1ebft k\u1ebf m\u00e0u \u0111en sang tr\u1ecdng cao c\u1ea5p M\u00e1y h\u00fat m\u00f9i c\u1ed5 \u0111i\u1ec3n si\u00eau m\u1ecfng KF-SL60KB\/SL70KB Th\u00e2n m\u00e1y b\u1eb1ng s\u01a1n t\u0129nh \u0111i\u1ec7n m\u00e0u \u0111en ph\u1ed1i inox H\u1ec7 th\u1ed1ng \u0111i\u1ec1u khi\u1ec3n c\u01a1 3 t\u1ed1c \u0111\u1ed9 \u0110\u1ed9ng c\u01a1 Turbin \u0111\u00f4i 2x80W B\u00f3ng \u0111\u00e8n LED BAR 15W C\u00f4ng su\u1ea5t [&#8230;]\n","protected":false},"featured_media":1066,"comment_status":"open","ping_status":"closed","template":"","meta":[],"product_brand":[],"product_cat":[600,84,132,164],"product_tag":[167,86,133,178],"class_list":{"0":"post-1005","1":"product","2":"type-product","3":"status-publish","4":"has-post-thumbnail","6":"product_cat-may-hut-mui-kaff","7":"product_cat-may-hut-mui","8":"product_cat-may-hut-mui-co-dien-classic","9":"product_cat-thuong-hieu-kaff","10":"product_tag-kaff","11":"product_tag-may-hut-mui","12":"product_tag-may-hut-mui-co-dien","13":"product_tag-may-hut-mui-kaff","15":"first","16":"instock","17":"sale","18":"shipping-taxable","19":"purchasable","20":"product-type-simple"},"_links":{"self":[{"href":"https:\/\/livinghome.vn\/thiet-bi\/wp-json\/wp\/v2\/product\/1005","targetHints":{"allow":["GET"]}}],"collection":[{"href":"https:\/\/livinghome.vn\/thiet-bi\/wp-json\/wp\/v2\/product"}],"about":[{"href":"https:\/\/livinghome.vn\/thiet-bi\/wp-json\/wp\/v2\/types\/product"}],"replies":[{"embeddable":true,"href":"https:\/\/livinghome.vn\/thiet-bi\/wp-json\/wp\/v2\/comments?post=1005"}],"wp:featuredmedia":[{"embeddable":true,"href":"https:\/\/livinghome.vn\/thiet-bi\/wp-json\/wp\/v2\/media\/1066"}],"wp:attachment":[{"href":"https:\/\/livinghome.vn\/thiet-bi\/wp-json\/wp\/v2\/media?parent=1005"}],"wp:term":[{"taxonomy":"product_brand","embeddable":true,"href":"https:\/\/livinghome.vn\/thiet-bi\/wp-json\/wp\/v2\/product_brand?post=1005"},{"taxonomy":"product_cat","embeddable":true,"href":"https:\/\/livinghome.vn\/thiet-bi\/wp-json\/wp\/v2\/product_cat?post=1005"},{"taxonomy":"product_tag","embeddable":true,"href":"https:\/\/livinghome.vn\/thiet-bi\/wp-json\/wp\/v2\/product_tag?post=1005"}],"curies":[{"name":"wp","href":"https:\/\/api.w.org\/{rel}","templated":true}]}}